 = 3*n(q) + 4*u(q). Let f(g) = 4*g - 3. Let b(h) = -9*f(h) - 4*l(h). Give b(5).
-21
Let n(d) = -3*d - 33. Let l(a) = -a**3 + 17*a**2 - 21*a + 65. Let s be l(16). What is n(s)?
12
Let w(j) = -2*j - 16. Suppose 5*g = -39 - 6. Let k be w(g). Let q(d) = -d**3 + 3*d**2 + d + 1. Determine q(k).
7
Let k(y) = 6*y + 13. Let p(c) = 5*c + 12. Let t(v) = -6*k(v) + 7*p(v). Let g = -14 - -11. Let l(x) = -x + 6. Let q(j) = g*t(j) + 4*l(j). Give q(0).
6
Let p(z) = -z - 37 + 4*z - 2*z + 35. Suppose -2*v - 28 = -5*a, 4*a - 3*v = -2*v + 20. Let f = 7 - a. Give p(f).
1
Let w(p) = -p**3 - 9*p**2 - 14*p - 60. Let n be w(-8). Let r(m) = m**3 + 13*m**2 + 13*m + 12. Determine r(n).
0
Let y(d) = 1 - 15 + 8 + 10 - 2*d + 1. What is y(7)?
-9
Let h(g) be the first derivative of -2*g - 4 + 1/2*g**2. Let v(w) = -3*w + 2. Let r be v(-1). Determine h(r).
3
Let h be (-28)/(-10) - 28/35. Suppose 0 = 2*u - h*z + 4, 2*u - 4*z = -z - 9. Let l(b) = 1 + b + 7 + b - u. What is l(-5)?
-5
Let j be (4/(-4))/((-2)/4). Suppose 0 = -k - 8 + j. Let i be 4/12 - 40/k. Let d(t) = t**2 - 6*t - 3. Calculate d(i).
4
Let x(l) = -2*l**2 - 8*l - 8. Let w be x(-2). Let u(a) = -a**2 + a + 63. Give u(w).
63
Let t(u) be the second derivative of -u**4/12 + u**3/3 + 3*u**2 - 71*u. Calculate t(5).
-9
Suppose 0 = -5*m + 17 + 8. Let l(r) = 14 + m*r**3 + 2*r**2 + 2*r - 13 + 4*r**2 - 4*r**2. Calculate l(-1).
-4
Let j(h) = -h**2 + 16*h + 14. Let z = 1799 - 1783. Calculate j(z).
14
Let n(f) be the first derivative of -f**3/3 + 3*f**2/2 + f + 2. Let j(o) = -3*o - 15 + 3 - 3. Let s be j(-6). Determine n(s).
1
Let l(d) = 4 + 148*d - 3 - 150*d + 4. Give l(13).
-21
Let y(u) = -u**2 + 14*u - 27. Let v be ((-2)/(-6)*3)/(11/121). Let p be y(v). Let a(k) = 3*k - 7. Give a(p).
11
Let o = 55 + -51. Let h(i) = -2*i + 4 + i**2 - o - 4. Calculate h(5).
11
Let a = -139 - -137. Let f(q) be the first derivative of q**4/24 + q**3/3 + 3*q**2/2 + 1. Let j(i) be the second derivative of f(i). Calculate j(a).
0
Let m(w) = -4*w**2 - 10*w - 45. Let y(u) = -5*u**2 - 10*u - 51. Let l(c) = 6*m(c) - 5*y(c). Give l(12).
9
Let j(g) = 2*g**2 - 13*g**2 + 8*g**2 - 3*g + 2*g**3 + 4. Give j(3).
22
Suppose -3*u - 2*n = 15, -8*u + 11*u + 15 = -4*n. Let w(s) = s + 15. Calculate w(u).
10
Let l(c) be the third derivative of c**6/120 + 11*c**5/60 + c**4/2 - 5*c**3/3 - 349*c**2. Give l(-10).
-30
Let z(g) = g**2 + 12*g - 16. Let j be z(-13). Let x(v) = v**2 + 2*v. Let i(c) = -3*c**2 - 5*c. Let b(m) = j*i(m) - 7*x(m). Calculate b(2).
10
Suppose 10*z = 5*z + 25. Let v be 26/(-10) - 2/z. Let t(u) be the third derivative of u**5/60 + u**4/6 - u**3/6 - 4*u**2. What is t(v)?
-4
Let m(s) = -s**2 - 6*s - 8. Suppose -9*v = -285 + 87. Let f = v - 28. Determine m(f).
-8
Let f(x) = -4 - 7 - 150*x - x**2 + 160*x. Let k(u) = -6*u + 39. Let p be k(5). Give f(p).
-2
Let v(m) be the third derivative of m**6/120 + m**5/60 + 5*m**3/6 - m**2. Let g be (2/5)/(10/(-100)) - -17. Let j = 13 - g. Determine v(j).
5
Let v(q) = -q**2 + 6 + 5*q + 3 - 5. Let w(d) = d**3 + 5*d**2 - 2*d + 10. Let p(k) = -k - 1. Let t(y) = 4*p(y) + w(y). Let a be t(-6). What is v(a)?
-2
Let k = 75 + -73. Let y = k - 10. Let o(s) = -s + 3. Give o(y).
11
Let h(s) be the second derivative of 5/6*s**3 + 0 + 11*s - s**2. What is h(3)?
13
Let n(f) = 69*f + 1038. Let x be n(-15). Let o(t) = t**2 + 3*t - 7. Determine o(x).
11
Let n(y) = y. Let q(r) = r - 7. Let d(p) = -3*n(p) + q(p). What is d(6)?
-19
Suppose 16 = 10*f + 16. Let k(a) = a**2 - a + 9. What is k(f)?
9
Suppose -2*t + 5*d = -17 + 6, -10 = -3*t + d. Let v be 46/8 - t/(-12). Let c(s) = -s**3 + 2*s**3 + 707 + 4*s - 699 - 3*s**2 - 4*s**2. What is c(v)?
-4
Let j(g) be the second derivative of g**4/12 + 3*g**3/2 + 6*g**2 - 13*g - 4. What is j(-8)?
4
Let f(i) be the first derivative of -i**2/2 + i - 1. Suppose -5*s + 8 = 4*a, 5 = a + 15*s - 13*s. Calculate f(a).
4
Let b be (-2)/(-7) - 48/21. Let v be -2 + (0 - 1 - b). Let m(w) = -3002*w**2 - 2*w + 3*w + 1 + 2994*w**2. What is m(v)?
-8
Let u(h) = -h**2 + 5*h**2 + 4*h**2 - h**3 - 6 - 18*h**2 + 3*h + 7*h**2. What is u(-4)?
-2
Let l(j) = -21 + 61*j + 4 + j**2 + 5*j**2 + j**3 - 71*j. Determine l(-7).
4
Let m be 6/((-4)/(-6)*1). Let z(p) = -p**3 + 4*p**2 - 3 + 10*p**2 + 5 - 4*p**2 - m*p. Determine z(9).
2
Let y(m) = -m**3 - m**2 - m. Suppose z + 6 = -k, 3*k = -4*z - 14 - 5. Calculate y(z).
1
Let o(f) = 2*f**3 - f**2 + 2. Let s = -52 - -56. Let k be 3 - s/2 - 3. Determine o(k).
-18
Let s be (6 - 13)*(-1 + 1 - -1). Let p(j) = j**2. Let k(w) = -4*w**2 - 7*w + 5. Let v(a) = -k(a) - 3*p(a). Determine v(s).
-5
Suppose p - 2 = 2. Let f(a) = 0*a**2 - 10*a + 3*a**2 + 3*a**2 + 3 + 6*a - 5*a**2. Calculate f(p).
3
Let h(w) = 5 - 5*w - 2 + 2*w**2 + 2*w**3 - w**3. Let q(k) = -4*k - 10. Let u be q(-4). Let z be (-2)/u + 7/(126/(-66)). Calculate h(z).
-9
Let s(y) be the second derivative of 0 - 1/2*y**2 - 7*y - 1/3*y**3. Calculate s(-4).
7
Let z(b) = -b - 4. Let y(l) = l**2 - 17*l - 20. Let j be y(18). What is z(j)?
-2
Let v = -58 - -57. Let a(o) = 16*o**2 - 7*o - 2. Let w(b) = -8*b**2 + 3*b + 1. Let t(m) = 2*a(m) + 5*w(m). What is t(v)?
-8
Let a(f) = -f**3 + 12*f**2 - 9*f - 25. Let o be a(11). Let w(k) = -8*k + 1. Give w(o).
25
Let w(g) be the third derivative of -g**5/30 + 5*g**4/24 - g**3/6 + 2*g**2 + 29. What is w(5)?
-26
Suppose -5*l + 4 + 11 = 0. Let o(g) = -97*g + 0*g**2 + g**2 + l + 94*g. Suppose 0 = z - 4. What is o(z)?
7
Let p be 0 + (-15 - -10) + 8. Let g(o) = 0*o - o + 6*o - 6*o - 3. Determine g(p).
-6
Let c(p) = -p**3 - 18*p**2 - 2*p - 28. Let a be c(-18). Let u(m) = -m + m**2 - a*m**3 + 146 - 146. Calculate u(1).
-8
Suppose 0 = -v + 3*k + 17, -4*v + 2*k + 16 + 2 = 0. Let s be (-9)/((105/(-14))/5). Let t(m) = -7 + m + v*m + s. Calculate t(4).
11
Let q(t) = 22*t**2 + t. Let b be 4/24*(0 - 6). Determine q(b).
21
Let j(v) = -v - v - 32 + 56 - 30. Let r be j(1). Let h(z) = -z**3 - 7*z**2 + 8*z + 7. Give h(r).
7
Let x be -1 + 6 + 6 + -8. Suppose v + d = 8, 0 = v - x*d + 4. Let y(s) = 7 - 5*s - 2*s**3 - 4*s**2 + 0 + 3*s**3. What is y(v)?
7
Let v(i) = -87 - 83 + 156 - 2*i. Calculate v(0).
-14
Let z(g) = -g**2 - 5*g - 6. Let c be z(-5). Let v(d) = -10*d**2 - 7*d - 2. Let t(n) = -7*n**2 - 7*n - 3. Let u(k) = 3*t(k) - 2*v(k). Give u(c).
1
Suppose -5*a + 22 - 82 = 0. Let g be 0/(-2)*(-6)/a. Suppose -12 = -4*h - 5*z, h + 3*z = -g*h + 10. Let f(t) = -2*t**3 + 2*t + 3. Give f(h).
15
Let a(s) = -9*s - 10. Let z(k) = -7*k - 5. Let v(w) = 3*a(w) - 4*z(w). Calculate v(9).
-1
Let w(z) = z**3 - 4*z**2 - 4*z. Let b be w(5). Suppose b*c - c + 8 = 2*r, 2*c - 4 = -3*r. Let i be (60/(-8) + 4)*r. Let g(y) = y + 6. Calculate g(i).
-1
Suppose -9*b + 17*b = -32. Let q(x) = x**3 - 6*x**2 + x + 7. Let n(l) = 3*l**3 - 13*l**2 + 3*l + 15. Let g(y) = 2*n(y) - 5*q(y). Give g(b).
-9
Let q(d) = 8*d**2 - 4*d - 4. Let r(c) = -7*c**2 + 3*c + 3. Let k(o) = -6*q(o) - 7*r(o). Suppose -5*h - 10 = 15. Let u = 2 + h. Give k(u).
3
Let r(d) = d**2 - 14*d + 43. Let g be r(10). Let m(h) = 2*h**3 - 5*h**2 + 1. Let z(c) = 4*c**3 - 10*c**2 - c + 1. Let l(f) = 5*m(f) - 2*z(f). Calculate l(g).
18
Let y be 8/(-12)*(-15)/2. Let f(c) = -2*c**2 + 5*c - 5. Let z be f(y). Let w be (-200)/z*(-12)/10. Let k(a) = -a**3 - 9*a**2 - 6*a + 10. Calculate k(w).
-6
Let g(w) = -w**3 + w**2 - w + 1. Let z(b) = 4*b**3 - 9*b**2 + 12*b - 5. Let k(x) = x**2 - 2*x - 3. Let a be k(-2). Let f(o) = a*g(o) + z(o). What is f(-5)?
-10
Let x(k) = 2*k - 9. Let c(r) = r - 4. Let u(o) = -14*c(o) + 6*x(o). Let h(z) = 4*z - 201. Let m be h(52). Determine u(m).
-12
Let c be -3 - (6/(-1) + -2). Let x(r) be the first derivative of r**4/4 - 2*r**3 + 2*r**2 - 5. Determine x(c).
-5
Let m(k) = 16*k - 270. Let l be m(17). Let s(j) = -10*j**2 - 5*j + 5. What is s(l)?
-45
Let f = -2859 + 2858. Let g(o) = 6*o**2 - 6*o - 1. Let x(s) = 5*s**2 - 7*s - 1. Let n(b) = -7*g(b) + 6*x(b). Calculate n(f).
-11
Let d(m) = -m + 3. Let i(n) = -3*n + 7. Let o(t) = -5*d(t) + 2*i(t). Let s = 0 - -5. Suppose -3*w + 27 = -s*f, -4*f + 4*w - 2 = -3*f. What is o(f)?
5
Let m = -427 - -419. Let w(a) = -a**3 - 8*a**2 - 2*a - 3. What is w(m)?
13
Let b be ((-25)/10)/(-5)*8 - 9. Let a(v) be the third derivative of 0*v + 1/60*v**5 + 0 - 4*v**2 + 7/24*v**4 + 1/2*v**3. What is a(b)?
-7
Let s(z) = -3 + 1 + 0*z - 5*z + z**2. Suppose 10*o - 3*